0 - -2)*3. Suppose -3*b + g + 64 = j*g, -3*g = 12. Suppose -v + 0*v = -b. List the prime factors of v.
2, 3
Let f = 526 - 517. List the prime factors of f.
3
Suppose 3*y - 232 - 287 = 0. Let h = y + -83. List the prime factors of h.
2, 3, 5
Let c(w) be the first derivative of w**4/4 - 7*w**3/3 + w**2 + 7*w + 3. What are the prime factors of c(8)?
3, 29
List the prime factors of -210*43/((-3612)/1440).
2, 3, 5
Suppose 5*h - 425 - 2340 = -d, 0 = -4*h - 2*d + 2212. List the prime factors of h.
7, 79
Suppose 3*i + 325 = -p - 23, -i - 2*p = 116. Let j = i + 217. What are the prime factors of j?
101
What are the prime factors of (-8475)/(-8) + ((-15)/40)/1?
3, 353
Let t(s) = -13*s**2 + 0*s**3 - 11*s - s**3 + 1 + 0*s + 14. Let z be t(-12). Suppose -20 = 4*o, -2*o + 22 = z*y - 13. List the prime factors of y.
3, 5
Suppose 4*b - 2979 = 5*p, 0 = -2*p + 5*b + 590 - 1785. Let y = p + 864. List the prime factors of y.
269
Let h(w) = -86*w - 4. Let v be 4 + (-55)/15 + (-14)/6. List the prime factors of h(v).
2, 3, 7
Let m(k) = -2*k**2 - 46*k - 37. Let w be m(-22). List the prime factors of 9/21 + (1418/w - -3).
2, 103
Suppose -2 = -2*m - 0. Let d(g) = 90*g**3 - 2*g + 1. List the prime factors of d(m).
89
Suppose 0 = -24*n + 21*n + 24. List the prime factors of (-5)/20 + 706/n.
2, 11
List the prime factors of -1663*1*11/44*-4.
1663
Let c(m) = -m**3 + 7*m**2 - 6*m - 3. Suppose 2*x + 7 = 19. Let d be c(x). List the prime factors of (-17 + 1)*d/6.
2
Let s = -81 - -85. Suppose -2*g + 107 = s*j - 161, -3*g + 266 = 4*j. What are the prime factors of j?
2, 17
Let h be (-24)/(-2)*50/(-30). Let m = h - -34. Suppose 16*o - m*o = 90. What are the prime factors of o?
3, 5
Let o be -180*(2 - 48/20) + -3. Suppose -72*b + 69 = -o*b. What are the prime factors of b?
23
Let s = 291 + 27. Suppose s = 5*w - 42. What are the prime factors of w?
2, 3
Let y be (-2)/(-17)*50 - 22/(-187). Suppose -y*f - 103 = -3*s - 5*f, -38 = -s + 4*f. List the prime factors of s.
2, 17
Let z(b) = 394*b**2 - 30*b - 7. What are the prime factors of z(-4)?
3, 23, 31
Suppose 4*o = -5*x + 434, 2*x = x - 4*o + 74. What are the prime factors of x/165 - (-1105)/11?
101
Suppose -3*i + 9 = 3*c, 3*c = 3*i + 3 - 0. Let w(j) = 213*j + 12. List the prime factors of w(i).
3, 5
List the prime factors of (-1)/5 + 672/20*12.
13, 31
Let p(a) = a**3 - 12*a**2 - 4*a - 16. Let m be p(12). Let n = 70 + m. What are the prime factors of n?
2, 3
Suppose 0 = 3*h - 0*l - 5*l - 16, -5*h + 5*l = -10. Let r(j) = -j**3 - j**2 + j + 5. List the prime factors of r(h).
2, 5
Suppose -k - 8 = -2*q, 2*k - 1 = -9. Suppose y + 4*l + 12 = 3*y, q*l - 2 = 3*y. Let c = 7 + y. What are the prime factors of c?
3
Suppose 2*a + 1641 = 3*f, -4*f + 5*a + 1492 = -689. Suppose 4*q + 125 = f. Suppose 5*b = -q + 326. List the prime factors of b.
2, 11
Let h be (-4)/3*(-1)/(4/6). Let z(k) = 3*k**2 - 6*k + 7. Let f be z(5). Suppose h*m + 2*m - f = 0. What are the prime factors of m?
13
Let r(i) = 17*i - 14. Let p be r(-7). Let s = -72 - p. What are the prime factors of s?
61
Let c = -7496 + 10683. List the prime factors of c.
3187
Suppose -6951 = -4*h - 5*m, -3*h - 3*m = -3536 - 1681. List the prime factors of h.
2, 109
Let y(a) = -a**3 + a**2 + 2*a + 6. Let m be y(0). Let d be (m + -3)/((-15)/(-10)). Suppose 0*k - k + 10 = d*i, i = 1. List the prime factors of k.
2
Let o(q) = -22*q - 2. Let t be o(-1). Suppose 3*x = 8*x + t. Let p = 44 + x. List the prime factors of p.
2, 5
Let v(z) = -z**2 - 27*z - 73. List the prime factors of v(-17).
97
Suppose -183 = -2*r - 49. Let g = -14 + r. Suppose -5 = -2*k + g. List the prime factors of k.
29
Suppose 3*p + 612 = 4*u, -2*p - 616 = -4*u - 0*p. Suppose u = -2*v + 6*v. Let d = -20 + v. List the prime factors of d.
19
Suppose -4*d = 5*r - 609 + 120, -4*r - 117 = -d. Let p = d + -101. What are the prime factors of p?
2, 5
Let t(n) = 6*n + 23. Let v be t(10). Suppose 0*l + 4*l = -2*p + 308, -l - 2*p + v = 0. Let z = l - 16. What are the prime factors of z?
59
What are the prime factors of 35296/80 + 1/(-5)?
3, 7
Let y(d) = 4*d + 14. Let q be (-2 - -5) + (-27)/3. Let s be y(q). List the prime factors of ((-8)/s)/(2/5).
2
List the prime factors of -8 + (4 + -9 - -115).
2, 3, 17
Suppose -7*b + 3867 = -2580. List the prime factors of b.
3, 307
Suppose 2*l - l + 9 = 0. Let v = l - -14. Suppose -5*j + v*a + 125 = 0, -51 = -2*j - a - 7. What are the prime factors of j?
23
Suppose 380*v - 17001 = 371*v. List the prime factors of v.
1889
Let l(a) = a**3 - 8*a**2 - 2*a + 6. Let j be l(8). Let g = -6 - j. Suppose 76 = 4*p + g*n, -2*n = 5*p - 6*n - 131. What are the prime factors of p?
23
Let q be (-1)/(-4) + (-4)/32*-158. What are the prime factors of (15/(-30))/((-2)/q)?
5
Suppose 4*c - 4*d = 220, 0*c - 3*d - 59 = -c. List the prime factors of c.
53
Let i = -243 + 345. Suppose -4*s - 78 = -2*a - 0*s, -2*a + i = 4*s. What are the prime factors of a?
3, 5
Let r(i) = -i**2 - 6*i + 2. Let h = -25 + 19. Let s be r(h). Suppose -2*c + s = -t, 4*t - 10 = c + c. List the prime factors of c.
3
Let p(b) = 14*b**3 - 4*b**2 + b - 46. What are the prime factors of p(5)?
1609
Suppose 2*g = -3*g + 5. Suppose -i = -g + 15. Let p = i - -36. List the prime factors of p.
2, 11
Let x be (0 + -24)*(-5)/15. Suppose -13*i + 360 = -x*i. Suppose k - 24 = -q + 5*k, 3*q = -4*k + i. What are the prime factors of q?
2, 3
Let i be (-60)/(-18) - 2/(-3). Suppose 3*a + 16 = 4*g, i*g + 16 = -5*a + 8*g. Suppose a = 4*r + 5*f - 54, -2*r + f = -5 - 15. What are the prime factors of r?
11
Let m(t) = 2*t - t - t**3 + 0*t**3 + 33. Let q be 0/(1 + 18/(-6)). List the prime factors of m(q).
3, 11
List the prime factors of (72/(-9) + 7)/((-2)/218).
109
Let r = 19 + -8. Suppose r*v = 9*v + 348. What are the prime factors of v?
2, 3, 29
Let r be 0/(0 + (-2 - -3)) + 5. Suppose -r*n - 440 = -4*g, -2*g - g - n + 311 = 0. List the prime factors of g.
3, 5, 7
Suppose 126*l - 47*l = 141805. What are the prime factors of l?
5, 359
Suppose w - 79 = -76. Suppose 5*s - 725 = -7*y + 2*y, -s = -w*y - 149. List the prime factors of s.
2, 73
Suppose -1294 = -3*y - 5*x, -15*y = -20*y - 4*x + 2161. List the prime factors of y.
433
Let h = 547 + 20. List the prime factors of h.
3, 7
Let y(s) = -2*s**3 + 13*s**2 - 4*s - 2. Let u be 0 + -3*(-5)/3. List the prime factors of y(u).
53
Let m(o) = -o**2 + 13*o - 10. Let r(n) = n**3 + n**2 - 9*n - 1. Let l be r(-3). List the prime factors of m(l).
2, 3, 5
Let q(m) = -3*m**2 - 4*m + 4. Let u be q(4). Let i be ((-4)/12)/(5/u). Suppose a - 5*o + 0 - 22 = 0, -i*a - 5*o + 13 = 0. List the prime factors of a.
7
Suppose 0 = 13*c - 56 - 74. Suppose c*k + 223 = 11*k. What are the prime factors of k?
223
Let h(p) = 88*p**2 + p - 10. List the prime factors of h(-6).
2, 197
Suppose 2*b + 4 = -0*b, -4*b - 23 = l. List the prime factors of ((-36)/l)/((-2)/(-15)).
2, 3
What are the prime factors of 4254/(-9)*(-9 - (-6 + 0))?
2, 709
Let q be (-11 - -2) + 3 - -4. Let o = 39 + q. List the prime factors of o.
37
Let z(d) = -2*d**3 - 8*d**2 + 4*d + 14. Let y(x) = x**2 + 17*x + 36. Let k be y(-14). What are the prime factors of z(k)?
2, 67
Let c(w) = w + 1. Let m be c(5). Suppose 0 = m*x - 157 - 89. What are the prime factors of x?
41
List the prime factors of (-86350)/(-66) - 2/6.
2, 3, 109
Let c(h) = -39*h + 145. What are the prime factors of c(-8)?
457
Let i(p) = p**3 - 8*p**2 - 2*p. Let z be (1/3)/((-2)/(-54)). List the prime factors of i(z).
3, 7
Suppose 9*j + 7*j = 20256. List the prime factors of j.
2, 3, 211
Let a = 34 + -24. Let g = a - -1. Suppose 7*k = g*k - 52. List the prime factors of k.
13
Let a(i) = 46*i**2 + 8*i + 13. What are the prime factors of a(7)?
23, 101
Let a(s) = -11*s - 5. Let p be a(-5). Suppose -j - 5*d = -p, -4*d = 5*j + 55 - 221. Suppose 2*t + 94 = 5*w, -4*w + j = -t - 47. What are the prime factors of w?
2, 5
Suppose -10*d - 2*d = -11808. Suppose d = 5*b + 3*b. What are the prime factors of b?
3, 41
Suppose 0 = -268*u + 272*u - 5468. List the prime factors of u.
1367
Let r = 13 - 9. Suppose r*z + k = -k - 50, -1 = -z - 5*k. Let a = 41 + z. What are the prime factors of a?
3
Let r(y) be the first derivative of 2*y + 3/2*y**2 + 2/3*y**3 + 11. List the prime factors of r(5).
67
Suppose -a + 3*a = -5*v + 226, 117 = 3*v - 5*a. Suppos